{"id":14,"date":"2022-05-19T10:49:56","date_gmt":"2022-05-19T10:49:56","guid":{"rendered":"http:\/\/localhost\/gmaakeup\/?page_id=14"},"modified":"2022-05-19T10:49:56","modified_gmt":"2022-05-19T10:49:56","slug":"services","status":"publish","type":"page","link":"https:\/\/makeup.paas.ro\/index.php\/services\/","title":{"rendered":"Services"},"content":{"rendered":"\t\t<div data-elementor-type=\"wp-page\" data-elementor-id=\"14\" class=\"elementor elementor-14\">\n\t\t\t\t\t\t<section class=\"elementor-section elementor-top-section elementor-element elementor-element-16f9950 elementor-section-full_width elementor-section-height-default elementor-section-height-default\" data-id=\"16f9950\" data-element_type=\"section\">\n\t\t\t\t\t\t<div class=\"elementor-container elementor-column-gap-no\">\n\t\t\t\t\t<div class=\"elementor-column elementor-col-100 elementor-top-column elementor-element elementor-element-dd05940\" data-id=\"dd05940\" data-element_type=\"column\">\n\t\t\t<div class=\"elementor-widget-wrap elementor-element-populated\">\n\t\t\t\t\t\t<div class=\"elementor-element elementor-element-483a5f0 elementor-widget elementor-widget-Elementor-service-one-widget\" data-id=\"483a5f0\" data-element_type=\"widget\" data-widget_type=\"Elementor-service-one-widget.default\">\n\t\t\t\t<div class=\"elementor-widget-container\">\n\t\t\t\t\t\r\n<!-- services-three-area -->\r\n<section class=\"services-area services-bg  p-relative fix pt-120 pb-90\">\r\n    <div class=\"container\">\r\n        <div class=\"row\">\r\n                  \r\n                 \r\n                  <div class=\"col-lg-3 col-md-6\">\r\n                     <div class=\"s-single-services text-center mb-30 wow fadeInUp  animated\" data-animation=\"fadeInUp\" data-delay=\".2s\">\r\n                        <div class=\"services-icon\">\r\n                            <img fetchpriority=\"high\" decoding=\"async\" width=\"300\" height=\"210\" src=\"https:\/\/makeup.paas.ro\/wp-content\/uploads\/2021\/03\/se-icon4.png\" class=\"attachment-post-thumbnail size-post-thumbnail wp-post-image\" alt=\"\" \/>                        <\/div>\r\n                        <div class=\"second-services-content\">\r\n                            <h3><a href=\"https:\/\/makeup.paas.ro\/index.php\/service\/machiaj\/\"> Machiaj<\/a><\/h3>\r\n                            <p>Machiaj profesional, adaptat tr\u0103s\u0103turilor tale, pentru un look impecabil \u00een orice moment al zilei. <\/p>\n                        <\/div>\r\n                    <\/div>\r\n                <\/div>\r\n                 \r\n                 \r\n                  <div class=\"col-lg-3 col-md-6\">\r\n                     <div class=\"s-single-services text-center mb-30 wow fadeInUp  animated\" data-animation=\"fadeInUp\" data-delay=\".2s\">\r\n                        <div class=\"services-icon\">\r\n                            <img decoding=\"async\" width=\"300\" height=\"210\" src=\"https:\/\/makeup.paas.ro\/wp-content\/uploads\/2021\/03\/se-icon5.png\" class=\"attachment-post-thumbnail size-post-thumbnail wp-post-image\" alt=\"\" \/>                        <\/div>\r\n                        <div class=\"second-services-content\">\r\n                            <h3><a href=\"https:\/\/makeup.paas.ro\/index.php\/service\/cosmetica\/\"> Cosmetica<\/a><\/h3>\r\n                            <p>Oferim servicii de cosmetic\u0103 personalizate, de la cur\u0103\u021bare profund\u0103 la tratamente pentru hidratare \u0219i revitalizare. <\/p>\n                        <\/div>\r\n                    <\/div>\r\n                <\/div>\r\n                 \r\n                 \r\n                  <div class=\"col-lg-3 col-md-6\">\r\n                     <div class=\"s-single-services text-center mb-30 wow fadeInUp  animated\" data-animation=\"fadeInUp\" data-delay=\".2s\">\r\n                        <div class=\"services-icon\">\r\n                            <img decoding=\"async\" width=\"300\" height=\"210\" src=\"https:\/\/makeup.paas.ro\/wp-content\/uploads\/2021\/03\/se-icon6.png\" class=\"attachment-post-thumbnail size-post-thumbnail wp-post-image\" alt=\"\" \/>                        <\/div>\r\n                        <div class=\"second-services-content\">\r\n                            <h3><a href=\"https:\/\/makeup.paas.ro\/index.php\/service\/coafor\/\"> Coafor<\/a><\/h3>\r\n                            <p>Descoper\u0103 stilul care te define\u0219te! Oferim coafuri personalizate, adaptate tr\u0103s\u0103turilor tale \u0219i ocaziei.<\/p>\n                        <\/div>\r\n                    <\/div>\r\n                <\/div>\r\n                 \r\n                 \r\n                  <div class=\"col-lg-3 col-md-6\">\r\n                     <div class=\"s-single-services text-center mb-30 wow fadeInUp  animated\" data-animation=\"fadeInUp\" data-delay=\".2s\">\r\n                        <div class=\"services-icon\">\r\n                            <img loading=\"lazy\" decoding=\"async\" width=\"300\" height=\"210\" src=\"https:\/\/makeup.paas.ro\/wp-content\/uploads\/2021\/03\/se-icon7.png\" class=\"attachment-post-thumbnail size-post-thumbnail wp-post-image\" alt=\"\" \/>                        <\/div>\r\n                        <div class=\"second-services-content\">\r\n                            <h3><a href=\"https:\/\/makeup.paas.ro\/index.php\/service\/machiaj-nunta\/\"> Machiaj-Nunt\u0103<\/a><\/h3>\r\n                            <p> \u00ce\u021bi oferim un machiaj personalizat, care \u00ee\u021bi eviden\u021biaz\u0103 tr\u0103s\u0103turile naturale \u0219i te face s\u0103 te sim\u021bi special\u0103<\/p>\n                        <\/div>\r\n                    <\/div>\r\n                <\/div>\r\n                 \r\n\r\n            <\/div>\r\n\r\n\r\n        <\/div>\r\n<\/section>\r\n<!-- services-three-area -->\t\t\t\t<\/div>\n\t\t\t\t<\/div>\n\t\t\t\t\t<\/div>\n\t\t<\/div>\n\t\t\t\t\t<\/div>\n\t\t<\/section>\n\t\t\t\t<section class=\"elementor-section elementor-top-section elementor-element elementor-element-0ba0f76 elementor-section-full_width elementor-section-height-default elementor-section-height-default\" data-id=\"0ba0f76\" data-element_type=\"section\">\n\t\t\t\t\t\t<div class=\"elementor-container elementor-column-gap-no\">\n\t\t\t\t\t<div class=\"elementor-column elementor-col-100 elementor-top-column elementor-element elementor-element-b394ab2\" data-id=\"b394ab2\" data-element_type=\"column\">\n\t\t\t<div class=\"elementor-widget-wrap elementor-element-populated\">\n\t\t\t\t\t\t<div class=\"elementor-element elementor-element-5f0d317 elementor-widget elementor-widget-Elementor-testimonial\" data-id=\"5f0d317\" data-element_type=\"widget\" data-widget_type=\"Elementor-testimonial.default\">\n\t\t\t\t<div class=\"elementor-widget-container\">\n\t\t\t\t\t\r\n<!-- testimonial-area -->\r\n<section class=\"testimonial-area text-center pt-120 pb-95 \" style=\"background-image:url(https:\/\/wordpress.zcube.in\/gmaakeup\/wp-content\/uploads\/2022\/05\/testimonial-bg.png)\">\r\n    <div class=\"container\">\r\n        <div class=\"row\">\r\n\r\n            <div class=\"col-lg-12\">\r\n                     <div class=\"section-title text-center mb-50 wow fadeInDown  animated\" data-animation=\"fadeInDown\" data-delay=\".4s\">\r\n                     <h5>testimonials<\/h5>\r\n                    <h2>\r\n                        some users feedback                     <\/h2>\r\n\r\n                <\/div>\r\n\r\n                <\/div>\r\n        <\/div>\r\n        <div class=\"row justify-content-center\">\r\n             <div class=\"col-lg-9\">\r\n                <div class=\"testimonial-active wow fadeInUp  animated\" data-animation=\"fadeInUp\" data-delay=\".4s\">\r\n                                                                <div class=\"single-testimonial-outer\">                                    \r\n                        <div class=\"single-testimonial\">\r\n                            <div class=\"qt-img\">\r\n                                <img decoding=\"async\" src=\"https:\/\/wordpress.zcube.in\/gmaakeup\/wp-content\/uploads\/2022\/05\/qt-icon.png\" alt=\"https:\/\/wordpress.zcube.in\/gmaakeup\/wp-content\/uploads\/2022\/05\/qt-icon.png\">\r\n                            <\/div>\r\n\r\n                            <p>\u201cEtiam sodales congue consequat. Aenean vitae ullamcorper leo. Pellentesque condimentum ex ut erat posuere, quis tincidunt augue semper. Cras congue nulla sed quam hendrerit euismod\u201d<\/p>\r\n                            <div class=\"testi-author\">\r\n                                <img decoding=\"async\" src=\"https:\/\/wordpress.zcube.in\/gmaakeup\/wp-content\/uploads\/2022\/05\/testi_avatar.png\" alt=\"https:\/\/wordpress.zcube.in\/gmaakeup\/wp-content\/uploads\/2022\/05\/testi_avatar.png\">\r\n                                 <div class=\"ta-info\">\r\n                                     <h6>Alexis browni JR.<\/h6>\r\n                                    <span>founder of alxis co.<\/span>\r\n                                <\/div>\r\n                            <\/div>\r\n\r\n\r\n                        <\/div>\r\n                    <\/div>\r\n                                         <div class=\"single-testimonial-outer\">                                    \r\n                        <div class=\"single-testimonial\">\r\n                            <div class=\"qt-img\">\r\n                                <img decoding=\"async\" src=\"https:\/\/wordpress.zcube.in\/gmaakeup\/wp-content\/uploads\/2022\/05\/qt-icon.png\" alt=\"https:\/\/wordpress.zcube.in\/gmaakeup\/wp-content\/uploads\/2022\/05\/qt-icon.png\">\r\n                            <\/div>\r\n\r\n                            <p>\u201cEtiam sodales congue consequat. Aenean vitae ullamcorper leo. Pellentesque condimentum ex ut erat posuere, quis tincidunt augue semper. Cras congue nulla sed quam hendrerit euismod\u201d<\/p>\r\n                            <div class=\"testi-author\">\r\n                                <img decoding=\"async\" src=\"https:\/\/wordpress.zcube.in\/gmaakeup\/wp-content\/uploads\/2022\/05\/testi_avatar.png\" alt=\"https:\/\/wordpress.zcube.in\/gmaakeup\/wp-content\/uploads\/2022\/05\/testi_avatar.png\">\r\n                                 <div class=\"ta-info\">\r\n                                     <h6>Paul M. Matney<\/h6>\r\n                                    <span>founder of alxis co.<\/span>\r\n                                <\/div>\r\n                            <\/div>\r\n\r\n\r\n                        <\/div>\r\n                    <\/div>\r\n                                         <div class=\"single-testimonial-outer\">                                    \r\n                        <div class=\"single-testimonial\">\r\n                            <div class=\"qt-img\">\r\n                                <img decoding=\"async\" src=\"https:\/\/wordpress.zcube.in\/gmaakeup\/wp-content\/uploads\/2022\/05\/qt-icon.png\" alt=\"https:\/\/wordpress.zcube.in\/gmaakeup\/wp-content\/uploads\/2022\/05\/qt-icon.png\">\r\n                            <\/div>\r\n\r\n                            <p>\u201cEtiam sodales congue consequat. Aenean vitae ullamcorper leo. Pellentesque condimentum ex ut erat posuere, quis tincidunt augue semper. Cras congue nulla sed quam hendrerit euismod\u201d<\/p>\r\n                            <div class=\"testi-author\">\r\n                                <img decoding=\"async\" src=\"https:\/\/wordpress.zcube.in\/gmaakeup\/wp-content\/uploads\/2022\/05\/testi_avatar.png\" alt=\"https:\/\/wordpress.zcube.in\/gmaakeup\/wp-content\/uploads\/2022\/05\/testi_avatar.png\">\r\n                                 <div class=\"ta-info\">\r\n                                     <h6>Alexis browni JR.<\/h6>\r\n                                    <span>founder of alxis co.<\/span>\r\n                                <\/div>\r\n                            <\/div>\r\n\r\n\r\n                        <\/div>\r\n                    <\/div>\r\n                       \r\n                <\/div>\r\n            <\/div>\r\n        <\/div>\r\n    <\/div>\r\n<\/section>\r\n<!-- testimonial-area-end -->\t\t\t\t<\/div>\n\t\t\t\t<\/div>\n\t\t\t\t\t<\/div>\n\t\t<\/div>\n\t\t\t\t\t<\/div>\n\t\t<\/section>\n\t\t\t\t<section class=\"elementor-section elementor-top-section elementor-element elementor-element-bb1a12b elementor-section-full_width elementor-section-height-default elementor-section-height-default\" data-id=\"bb1a12b\" data-element_type=\"section\" data-settings=\"{&quot;background_background&quot;:&quot;classic&quot;}\">\n\t\t\t\t\t\t<div class=\"elementor-container elementor-column-gap-no\">\n\t\t\t\t\t<div class=\"elementor-column elementor-col-100 elementor-top-column elementor-element elementor-element-019935b\" data-id=\"019935b\" data-element_type=\"column\">\n\t\t\t<div class=\"elementor-widget-wrap elementor-element-populated\">\n\t\t\t\t\t\t<div class=\"elementor-element elementor-element-eaaac29 elementor-widget elementor-widget-Elementor-price-icon\" data-id=\"eaaac29\" data-element_type=\"widget\" data-widget_type=\"Elementor-price-icon.default\">\n\t\t\t\t<div class=\"elementor-widget-container\">\n\t\t\t\t\t  <!-- pricing-area -->\r\n<section id=\"pricing\" class=\"pricing-area pt-120 pb-60\" style=\"background: #222;\">\r\n    <div class=\"container\"> \r\n        <div class=\"row\">\r\n            <div class=\"col-lg-12 col-md-12\">\r\n                    <div class=\"section-title mb-50 wow fadeInLeft  animated text-center\" data-animation=\"fadeInLeft\" data-delay=\".4s\">\r\n                      <h5>\r\n                         Best Value At Your Service                        <\/h5>\r\n                        <h2>\r\n                          Pricing                         <\/h2>\r\n                <\/div>\r\n                <\/div>\r\n                                          <div class=\"col-lg-4 col-md-4\">\r\n              <div class=\"pricing-box pricing-box2 text-center mb-60 d-active\">\r\n                        <div class=\"pricing-head\">   \r\n                            <h2>Basic Plan<\/h2>  \r\n                            <div class=\"price-count\">\r\n                                <h2>$49<\/h2>\r\n                            <\/div> \r\n                            <hr>\r\n                        <\/div>\r\n                        <div class=\"pricing-body mt-20 mb-30 text-left\">\r\n                           <ul>\r\n                                \n                                            <li>Three Keyword Monitors<\/li>\n                                           <li>Three Brand Monitors<\/li>\n                                            <li>300 Search Results<\/li>\n                                             <li>Full Social Profiles<\/li>\n                                            <li>Basic Quota<\/li>\n                                             <li>PDF reports<\/li>\n                                                                 <\/ul>\r\n                        <\/div>        \r\n                        <div class=\"pricing-btn\">\r\n                          <a href=\"https:\/\/wordpress.zcube.in\/gmaakeup\/?page_id=20\" class=\"btn ss-btn\">Start Now<\/a>\r\n                        <\/div>\r\n                    <\/div>\r\n            <\/div>\r\n                      <div class=\"col-lg-4 col-md-4\">\r\n              <div class=\"pricing-box pricing-box2 text-center mb-60 active\">\r\n                        <div class=\"pricing-head\">   \r\n                            <h2>Standard Plan<\/h2>  \r\n                            <div class=\"price-count\">\r\n                                <h2>$99<\/h2>\r\n                            <\/div> \r\n                            <hr>\r\n                        <\/div>\r\n                        <div class=\"pricing-body mt-20 mb-30 text-left\">\r\n                           <ul>\r\n                                \n                                            <li>Three Keyword Monitors<\/li>\n                                           <li>Three Brand Monitors<\/li>\n                                            <li>300 Search Results<\/li>\n                                             <li>Full Social Profiles<\/li>\n                                            <li>Basic Quota<\/li>\n                                             <li>PDF reports<\/li>\n                                                                 <\/ul>\r\n                        <\/div>        \r\n                        <div class=\"pricing-btn\">\r\n                          <a href=\"https:\/\/wordpress.zcube.in\/gmaakeup\/?page_id=20\" class=\"btn ss-btn\">Start Now<\/a>\r\n                        <\/div>\r\n                    <\/div>\r\n            <\/div>\r\n                      <div class=\"col-lg-4 col-md-4\">\r\n              <div class=\"pricing-box pricing-box2 text-center mb-60 d-active\">\r\n                        <div class=\"pricing-head\">   \r\n                            <h2>Unlimited Plan<\/h2>  \r\n                            <div class=\"price-count\">\r\n                                <h2>$149<\/h2>\r\n                            <\/div> \r\n                            <hr>\r\n                        <\/div>\r\n                        <div class=\"pricing-body mt-20 mb-30 text-left\">\r\n                           <ul>\r\n                                \n                                            <li>Three Keyword Monitors<\/li>\n                                           <li>Three Brand Monitors<\/li>\n                                            <li>300 Search Results<\/li>\n                                             <li>Full Social Profiles<\/li>\n                                            <li>Basic Quota<\/li>\n                                             <li>PDF reports<\/li>\n                                                                 <\/ul>\r\n                        <\/div>        \r\n                        <div class=\"pricing-btn\">\r\n                          <a href=\"https:\/\/wordpress.zcube.in\/gmaakeup\/?page_id=20\" class=\"btn ss-btn\">Start Now<\/a>\r\n                        <\/div>\r\n                    <\/div>\r\n            <\/div>\r\n                  <\/div>\r\n    <\/div>\r\n<\/section>\r\n<!-- pricing-area-end -->\r\n\r\n\t\t\t\t<\/div>\n\t\t\t\t<\/div>\n\t\t\t\t\t<\/div>\n\t\t<\/div>\n\t\t\t\t\t<\/div>\n\t\t<\/section>\n\t\t\t\t<\/div>\n\t\t","protected":false},"excerpt":{"rendered":"","protected":false},"author":1,"featured_media":0,"parent":0,"menu_order":0,"comment_status":"closed","ping_status":"closed","template":"inside.php","meta":{"footnotes":""},"class_list":["post-14","page","type-page","status-publish","hentry"],"_links":{"self":[{"href":"https:\/\/makeup.paas.ro\/index.php\/wp-json\/wp\/v2\/pages\/14","targetHints":{"allow":["GET"]}}],"collection":[{"href":"https:\/\/makeup.paas.ro\/index.php\/wp-json\/wp\/v2\/pages"}],"about":[{"href":"https:\/\/makeup.paas.ro\/index.php\/wp-json\/wp\/v2\/types\/page"}],"author":[{"embeddable":true,"href":"https:\/\/makeup.paas.ro\/index.php\/wp-json\/wp\/v2\/users\/1"}],"replies":[{"embeddable":true,"href":"https:\/\/makeup.paas.ro\/index.php\/wp-json\/wp\/v2\/comments?post=14"}],"version-history":[{"count":0,"href":"https:\/\/makeup.paas.ro\/index.php\/wp-json\/wp\/v2\/pages\/14\/revisions"}],"wp:attachment":[{"href":"https:\/\/makeup.paas.ro\/index.php\/wp-json\/wp\/v2\/media?parent=14"}],"curies":[{"name":"wp","href":"https:\/\/api.w.org\/{rel}","templated":true}]}}